{"id":7018,"date":"2014-02-03T22:01:42","date_gmt":"2014-02-03T21:01:42","guid":{"rendered":"http:\/\/statensmusikverk.se\/musikochteaterbiblioteket\/?page_id=7018"},"modified":"2017-08-30T14:15:31","modified_gmt":"2017-08-30T12:15:31","slug":"utlandska-institutioner","status":"publish","type":"page","link":"https:\/\/old.capricemusic.se\/musikochteaterbiblioteket\/arkiv\/musikarkiv-och-ovrigt-kallmaterial\/utlandska-institutioner\/","title":{"rendered":"Utl\u00e4ndska institutioner"},"content":{"rendered":"<div id=\"pl-7018\"  class=\"panel-layout\" ><div id=\"pg-7018-0\"  class=\"panel-grid panel-no-style\" ><div id=\"pgc-7018-0-0\"  class=\"panel-grid-cell panel-grid-cell-mobile-last\" ><div id=\"panel-7018-0-0-0\" class=\"so-panel widget widget_headers panel-first-child panel-last-child\" data-index=\"0\" ><div class=\"so-widget-headers so-widget-headers-base\"><h1 id=\"utlandska-institutioner\">Utl\u00e4ndska institutioner<\/h1>\n<\/div><\/div><\/div><div id=\"pgc-7018-0-1\"  class=\"panel-grid-cell panel-grid-cell-empty\" ><\/div><\/div><div id=\"pg-7018-1\"  class=\"panel-grid panel-no-style\" ><div id=\"pgc-7018-1-0\"  class=\"panel-grid-cell panel-grid-cell-mobile-last\" ><div id=\"panel-7018-1-0-0\" class=\"so-panel widget widget_black-studio-tinymce widget_black_studio_tinymce panel-first-child\" data-index=\"1\" ><div class=\"textwidget\"><p><em>\u00c5r 2002 gjorde biblioteket en inventering av musikmaterial som finns i andra arkiv i Sverige och n\u00e5gra andra l\u00e4nder. Best\u00e5nds\u00f6versikten \u00e4r sammanst\u00e4lld av Inger Enqvist. Uppdateringar publiceras vartannat \u00e5r i bibliotekets bulletin Dokumenterat.<\/em><\/p>\n<\/div><\/div><div id=\"panel-7018-1-0-1\" class=\"so-panel widget widget_black-studio-tinymce widget_black_studio_tinymce panel-last-child\" data-index=\"2\" ><div class=\"textwidget\"><h2>Danmark<\/h2>\n<h3>K\u00f6penhamn. Det Kongelige Bibliotek<\/h3>\n<p>Biblioteket har en omfattande musikaliesamling best\u00e5ende av b\u00e5de tryckta och otryckta noter fr\u00e5n \u00e5tskilliga \u00e5rhundraden, d\u00e4ribland finns en del fr\u00e5n svenska tons\u00e4ttare eller med anknytning till Sverige. Likas\u00e5 finns en stor samling musiklitteratur, arkivalier och bildmaterial, d\u00e4r vissa delar relaterar till Sverige. Materialet kan s\u00f6kas via&nbsp;<a href=\"http:\/\/www.kb.dk\/\">bibliotekets hemsida<\/a>, databasen REX, d\u00e4r det \u00e4r m\u00f6jligt att s\u00f6ka p\u00e5 olika typer av dokument.<\/p>\n<p>Bland samlingarna kan man s\u00e4rskilt n\u00e4mna f\u00f6rlagsarkivet fr\u00e5n&nbsp;<em>Wilhelm Hansen<\/em>, som inneh\u00e5ller korrespondens med m\u00e5nga svenska tons\u00e4ttare, speciellt fr\u00e5n \u00e5rtiondena omkring 1900. Det omfattande arkivet \u00e4r dock \u00e4nnu inte f\u00e4rdigregistrerat. Musikalierna har prelimin\u00e4rt f\u00f6rtecknats och i arkivet ing\u00e5r \u00e5tskilliga verk i autograf av svenska komposit\u00f6rer:<\/p>\n<p>Anders Eriksson, Josef Eriksson, G\u00f6sta Geijer, Prins Gustaf, Bj\u00f6rn Halld\u00e9n, Frithiof Hertzman, Josef Jonsson, Jacob Axel Josephsson, Armas J\u00e4rnefelt, Edvin Kallstenius, August K\u00f6rling, Lars-Erik Larsson, Oskar Lindberg, Otto Lindblad, Albert L\u00f6fgren, Henning Mankell, H.M. Melchers, Carl G\u00f6ran Nyblom, G\u00f6sta Nystroem, Daniel Olson, Otto Olsson, J. Otto, Moses Pergament, Ture Rangstr\u00f6m, Hilding Rosenberg, Albert Rubenson, Emil Sj\u00f6gren, August S\u00f6derman.<\/p>\n<p><em>Av Anne \u00d8rb\u0153k Jensen<\/em><\/p>\n<h3>K\u00f6penhamn. Musikhistorisk Museum &amp; Carl Claudius' Samling<\/h3>\n<p>Samlingarna i museets bibliotek och arkiv omfattar b\u00f6cker, sm\u00e5tryck, tidskrifteroch tidningsklipp fr\u00e5n 1900-talet; de sistn\u00e4mnda \u00e4r alfabetiskt ordnade p\u00e5 person. Vidare finns musikalier i tryck och handskrift (b\u00e5de autografer och avskrifter). De \u00e4ldre trycken \u00e4r separat f\u00f6rtecknade f\u00f6r RISM-projektet. I bildsamlingen ing\u00e5r portr\u00e4tt av komposit\u00f6rer, musiker och s\u00e5ngare. I arkivmaterialet ing\u00e5r personarkiv, sl\u00e4ktarkiv, institutions- och ensemblearkiv. De materialtyper som f\u00f6rekommer \u00e4r brev, memoarer, beskrivningar av olika slag, r\u00e4kenskaper, stadgar, repertoarf\u00f6rteckningar, program, uppm\u00e4tningsritningar, avskrifter samt enstaka g\u00e5nger fotografier eller teckningar. H\u00e4ribland finns svenska musikpersonligheter representerade. Som exempel kan n\u00e4mnas brev fr\u00e5n Preben Nodermann och Wilhelm Stenhammar.<\/p>\n<h2>Finland<\/h2>\n<h3>Helsingfors. Universitetsbiblioteket<\/h3>\n<p>Handskriftssamlingen omfattar n\u00e4rmare 3.000 hyllmeter. Ca 500 personarkiv h\u00e4rr\u00f6r fr\u00e5n personer med anknytning till universitetet samt d\u00e4rut\u00f6ver f\u00f6rfattare, konstn\u00e4rer, redakt\u00f6rer och ett antal tons\u00e4ttare. I arkiven finns deras manuskript, brev, dagb\u00f6cker och andra dokument. Olika organisationers arkiv h\u00f6r ocks\u00e5 till samlingen.<\/p>\n<p>Bland personarkiven i handskriftssamlingen ing\u00e5r verk av svenska tons\u00e4ttare:<\/p>\n<p><em>Berwald, Franz<br \/> <\/em>Komposition i handskrift fr\u00e5n 1860-talet.<\/p>\n<p><em>Dannstr\u00f6m, Isidor<\/em>&nbsp;<br \/> Komposition i handskrift.<\/p>\n<p><em>AB Fazers musikhandel&nbsp;<br \/> <\/em>300 tons\u00e4ttares verk i autograf, mest finl\u00e4ndska tons\u00e4ttares material. I arkivet ing\u00e5r ocks\u00e5 verk av: Laci Boldeman, Armas J\u00e4rnefelt, Adolf Fredrik Lindblad (\"Molnets broder\"), Otto Olsson, Moses Pergament (\"Chanson triste\", 1915)<\/p>\n<p><em>Grahnqvist, Joh.<br \/> <\/em>Den svenska koralboken 1848, handskrift.<\/p>\n<p><em>Hedwall, Lennart<br \/> <\/em>Kopia av komposition i handskrift 1977.<\/p>\n<p><em>J\u00e4rnefelt, Armas<br \/> <\/em>Kompositioner i handskrift, 12 p\u00e4rmar. Vissa av verken ing\u00e5r i TEOSTOs arkiv, Fazers musikhandels arkiv, Kalevalaf\u00f6reningens arkiv och Muntra Musikanters arkiv.<\/p>\n<p><em>Karkoff, Maurice<br \/> <\/em>Kopia av komposition i handskrift till text av Gunnar Bj\u00f6rling.<\/p>\n<p><em>S\u00e4llskapet Muntra musikanter<\/em>, Helsingfors<br \/> Kompositioner i handskrift av bl.a. Armas J\u00e4rnefelt.<\/p>\n<p><em>Musikaliska s\u00e4llskapet i \u00c5bo<br \/> <\/em>Instrument- och notf\u00f6rteckningar, program, stadgar, protokoll, r\u00e4kenskaper, tal. 1790\u20131871.<\/p>\n<p><em>Topelius, Zacharias<\/em>&nbsp;(1818\u20131898)<br \/> I arkivet ing\u00e5r manuskript, operalibretti, f\u00f6redrag, korrespondens m.m. 8,6 hyllmeter. Bland korrespondensen ing\u00e5r svenska brevskrivare: Gustaf Wilhelm H\u00e4gg, Johan Leonard H\u00f6ijer, Jacob Axel Josephson.<\/p>\n<p><em>Wid\u00e9en, Ivar<br \/> <\/em>Kompositionsskiss \"Mannerheim\".<\/p>\n<h3>\u00c5bo. Sibeliusmuseum<\/h3>\n<p><em>Aminoff, G. F.<br \/> <\/em>Handskriven notbok.<\/p>\n<p><em>Andersson, Otto<br \/> <\/em>Samling inneh\u00e5llande notmanuskript, tidningsklipp, litteratur, material r\u00f6rande Sibelius samt instrument.<\/p>\n<p><em>Armfeldt<br \/> <\/em>Handskriven notbok vilken tillh\u00f6rt grevinnan Armfeldt.<\/p>\n<p><em>Carlson, Bengt<br \/> <\/em>Brev fr\u00e5n svenska avs\u00e4ndare, bl.a. Hugo Alfv\u00e9n, Oscar Lindberg och Hilding Rosenberg.<\/p>\n<p><em>Eeg-Olofsson, Karin<br \/> <\/em>Brev till Martha Wasastjerna, 1958.<\/p>\n<p><em>Elg, \u00c5ke<br \/> <\/em>Brevv\u00e4xling mellan \u00c5ke Elg och Ludvig Fabritius, 1920-talet.<\/p>\n<p><em>Falkman, Hanna<br \/> <\/em>Handskrivet noth\u00e4fte, 1850-tal, musik f\u00f6r s\u00e5ng och klaver.<\/p>\n<p><em>Franz\u00e9n-Cederhvarfs samling<br \/> <\/em>Handskriven notbok fr\u00e5n 1800-talets f\u00f6rsta h\u00e4lft inneh\u00e5llande huvudsakligen klavermusik, m\u00e4rkt H R F Franz\u00e9n.<\/p>\n<p><em>Frey, Richard<\/em>&nbsp;<br \/> Verk i handskrift, 1919.<\/p>\n<p><em>Gerda Frietschs samling<br \/> <\/em>Ett antal svenska s\u00e5nger till ackompanjemang av klaver eller gitarr, handskrift.<\/p>\n<p><em>Hallstr\u00f6m, Ivar<br \/> <\/em>Samling av femtio s\u00e5nger... Autograf.<\/p>\n<p><em>Maria von Hellens samling&nbsp;<br \/> <\/em>Tre handskrivna notb\u00f6cker s\u00e5ngb\u00f6cker, 1838.<\/p>\n<p><em>H\u00e4gg, Gustaf Wilhelm<\/em><br \/> Sorgetoner vid Viktor Rydbergs b\u00e5r.<\/p>\n<p><em>Impivaaras samling<br \/> <\/em>Verk av Bernhard Crusell i handskrift. S\u00e5nger f\u00f6r k\u00f6r, avskrifter.<\/p>\n<p><em>Jacobsson, John<\/em><br \/> Kjerlighedsvise 1900.<\/p>\n<p><em>Kropp, G. J. W.<br \/> <\/em>Handskriven visbok 1847.<\/p>\n<p><em>Kyrkomusikinstitutet i \u00c5bo<br \/> <\/em>Handlingar r\u00f6rande kyrkomusikinstitutet.<\/p>\n<p><em>Lindblad, Adolf Fredrik<br \/> <\/em>Verk i avskrift.<\/p>\n<p><em>L\u00e5stboms samling<br \/> <\/em>Omfattande musikaliesamling, huvudsakligen inneh\u00e5llande avskrifter. Bl.a. f\u00f6rekommer verk av svenska komposit\u00f6rer, nedtecknade under senare h\u00e4lften av 1800-talet.<\/p>\n<p><em>L\u00f6nnquist, L.<\/em>&nbsp;<br \/> Handskriven notbok inneh\u00e5llande huvudsakligen lutmusik.<\/p>\n<p><em>Hanna Mannstr\u00f6ms samling&nbsp;<br \/> <\/em>Handskrivna s\u00e5nger av bl.a. Brendler och Du Puy.<\/p>\n<p><em>Monnbergs samling<br \/> <\/em>Svensk Quadrille (flera), Wiolino et Clarinetto, handskrift.<\/p>\n<p>Svenska \u00e4ldre visor; st\u00e4mmor av olika slag, ofta fragmentariska. Handskrift.<\/p>\n<p><em>Peterson-Berger, Wilhelm<br \/> <\/em>Brev till och fr\u00e5n Axel von Kothen. Kort till Anna Mannerheim 1937.<\/p>\n<p><em>Gerda Ranckens samling<br \/> <\/em>G. M\u00f6ller, Liten F\u00e5gel, handskrift. S\u00e5nger vid pianoforte, sign. Sophie \u00c5kerman, handskrift.<\/p>\n<p><em>Sibelius, Jean<br \/> <\/em>Brev till Johan Sundsten.<\/p>\n<p><em>Sn\u00e5re, Sigurd<br \/> <\/em>Brev till den finl\u00e4ndske tons\u00e4ttaren Sigurd Sn\u00e5re fr\u00e5n ett tiotal svenska avs\u00e4ndare.<\/p>\n<p><em>Stenbom<br \/> <\/em>Handskriven notbok, ca 1800.<\/p>\n<ol start=\"1819\">\n<li><em> E. Westerlunds samling<br \/> <\/em>Notb\u00f6cker bl.a. Samling af Arier och Coupletter l\u00e4mpade med Accompagnement f\u00f6r Lutha, p\u00e5teckning Sophie Wacklin samt kopierat av Jac Preusmark, 1818, 1819.<\/li>\n<\/ol>\n<p>Uttini, Psalmen No 118 eller Esaie Prophetenom, partitur i handskrift.<\/p>\n<p><em>Elin och Mathilda Wredes samling<br \/> <\/em>Musikhandskrifter, rysk och svensk repertoar, bl.a. Wals af Prins Oscar.<\/p>\n<h3>\u00c5bo. \u00c5bo akademis bibliotek<\/h3>\n<p><em>Andersson, Otto<br \/> <\/em>Brev (56 volymer med datoriserat register), biografica, manuskript. Sammanlagt 5 hyllmeter.<\/p>\n<p><em>Antiphonarium Tammelense<br \/> <\/em>Handskriven notbok 1550.<\/p>\n<p><em>Graduale Tammelense<br \/> <\/em>Handskriven m\u00e4ssbok (noter) 1549.<\/p>\n<p><em>Liber ecclesiae Tammelensis<br \/> <\/em>Handskriven m\u00e4ssbok 1596.<\/p>\n<h3>\u00c5bo. \u00c5bo landsarkiv<\/h3>\n<p><em>\u00c5bo domkyrkas f\u00f6rest\u00e5ndares arkiv<br \/> <\/em>Handlingar fr\u00e5n 1700-talet r\u00f6rande \u00c5bo domkyrkas orgel, bl.a. kontrakt med Johan Cahman.<\/p>\n<h2>Frankrike<\/h2>\n<h3>Paris. Biblioth\u00e8que du conservatoire<\/h3>\n<p><em>Bystr\u00f6m, Oscar<br \/> <\/em>Symfoni i d-moll, autograf.<\/p>\n<h2>Norge<\/h2>\n<h3>Bergen. Bergen offentlige bibliotek<\/h3>\n<p><em>Grieg, Edvard<br \/> <\/em>Brevsamling d\u00e4r svenska musikbrev ing\u00e5r. Bl.a. m\u00e4rks Andreas Hall\u00e9n, Ivar Hallstr\u00f6m, Henri Marteau, Ludvig Norman, Emil Sj\u00f6gren, Wilhelm Stenhammar, August S\u00f6derman.<\/p>\n<h3>Bergen. Universitetsbiblioteket i Bergen<\/h3>\n<p>Bildsamlingar d\u00e4r det finns n\u00e5gra svenska portr\u00e4tt, bl.a. f\u00f6rekommer Christina Nilsson.<\/p>\n<h3>Oslo. Nasjonalbiblioteket. Norsk musikksamling<\/h3>\n<p><em>Bergh, Sverre<br \/> <\/em>Brev fr\u00e5n Lennart Hedwall, Carl Rune Larsson och Allan Pettersson.<\/p>\n<p><em>Dietrichson, Lorentz<\/em>&nbsp;(1834\u20131917)<br \/> Brev fr\u00e5n J.A. Josephson.<\/p>\n<p><em>Hallstr\u00f6m, Ivar<br \/> <\/em>Brev till Joh. D. Behrens, Abraham Hirsch, Halfdan Kjerulf. Arrangemang av hyllningsk\u00f6r i Vikingarna, ok\u00e4nd handskrift.<\/p>\n<p><em>H\u00f6ijer, Johan Leonard<br \/> <\/em>Korrespondens med Ludvig Mathias Lindeman.<\/p>\n<p><em>Jacobsson, John<br \/> <\/em>Brev till Georg Christian Gibbern och till Carl Warmuth.<\/p>\n<p><em>Josephson, Jacob Axel<br \/> <\/em>Brev till Lorentz Dietrichson, L. M. Lindeman, Carl Warmuth. Brev fr\u00e5n L. M. Lindeman.<\/p>\n<p><em>Lind, Jenny<br \/> <\/em>Brev till Mr. Blunt.<\/p>\n<p><em>Lindeman, Ludvig M.<br \/> <\/em>Brev till och fr\u00e5n J. A. Josephson. Brev till C. E. S\u00f6dling. Brevv\u00e4xling med Johan Leonard H\u00f6ijer.<\/p>\n<p><em>Nystroem, G\u00f6sta<br \/> <\/em>6 pi\u00e8ces pour piano, handskrift.<\/p>\n<p><em>Oselio, Gina<br \/> <\/em>Brev fr\u00e5n svenska avs\u00e4ndare, bl.a. Elfrida Andr\u00e9e, Fredrika Stenhammar, Frans Westermark och Maggie Westermark.<\/p>\n<p><em>Rangstr\u00f6m, Ture<\/em><br \/> Hymne, autograf.<\/p>\n<p><em>S\u00f6derman, August<br \/> <\/em>3 marscher till Shakespeares sorgespel Richard III. (Instrumenterat f\u00f6r orkester av Johan Halvorsen?) St\u00e4mmor i handskrift.<\/p>\n<p><em>Vogler, Georg Joseph<br \/> <\/em>Avskrift av \u00e4ldre koralbok med koralf\u00f6rspel av Vogler, 1800-talets f\u00f6rra h\u00e4lft.<\/p>\n<p><em>Topelius, Zacharias<\/em>&nbsp;(1818\u20131898)<br \/> Brev fr\u00e5n Johan Leonard H\u00f6ijer.<\/p>\n<p><em>Warmuth, Carl<\/em>&nbsp;<br \/> Brev fr\u00e5n Jacob Axel Josephson.<\/p>\n<h3>Trondheim. Ringve museum<\/h3>\n<p><em>Lind, Jenny<br \/> <\/em>Brev till Mr. Blunt.<\/p>\n<p><em>\u00d6vrigt<\/em><br \/> Musikaliesamling med verk f\u00f6r milit\u00e4rmusikk\u00e5r bl.a. av svenska tons\u00e4ttare fr\u00e5n sekelskiftet.<\/p>\n<p>En m\u00e4ngd fotografier av svenska musiker och tons\u00e4ttare, vissa signerade.<\/p>\n<h2>Tyskland<\/h2>\n<h3>Berlin. Staatsbibliothek zu Berlin<\/h3>\n<p><em>Kraus, Joseph Martin<br \/> <\/em>Biografiska notiser om Joseph Martin Kraus skrivna av hans sl\u00e4ktingar.<\/p>\n<h3>Buchen. Bezirksmuseum<\/h3>\n<p><em>Kraus, Joseph Martin<br \/> <\/em>Brev fr\u00e5n J.M. Kraus till olika sl\u00e4ktingar, 96 st. Portr\u00e4tt, f\u00f6rem\u00e5l. Samlingar r\u00f6rande Kraus, inspelningar, noter, litteratur m.m.<\/p>\n<h3>M\u00fcnchen. Bayerische Staatsbibliothek<\/h3>\n<p><em>Marteau, Henri<br \/> <\/em>Musikalier i tryck och handskrift med verk av bl.a. Hugo Alfv\u00e9n, Kurt Atterberg, Tor Aulin, Franz Berwald, Andreas Hall\u00e9n, Ruben Liljefors, Henri Marteau, Wilhelm Peterson-Berger, Wilhelm Stenhammar och Sara Wennerberg-Reuter.<\/p>\n<h2>USA<\/h2>\n<h3>Chicago, Ill. Chicago Public Library. Harold Washington Library<\/h3>\n<p><em>The Jussi Bj\u00f6rling Audio Archives<br \/> <\/em>Stor samling fonogram.<\/p>\n<h3>Minneapolis, Minn. The Amercian Swedish Institute<\/h3>\n<p>Andliga s\u00e5ngb\u00f6cker, svenska kyrkans psalmb\u00f6cker (upplagor tryckta i Sverige och USA), musikalier, allm\u00e4nna s\u00e5ngb\u00f6cker.<\/p>\n<h2>\u00d6sterrike<\/h2>\n<h3>Wien. \u00d6sterreichische Nationalbibliothek. Musiksammlung<\/h3>\n<p><em>Berwald, Franz<br \/> <\/em>Oeuvre 2, Premier Concerto pour le Violon, autograf.<\/p>\n<p>&nbsp;<\/p>\n<\/div><\/div><\/div><div id=\"pgc-7018-1-1\"  class=\"panel-grid-cell panel-grid-cell-empty\" ><\/div><\/div><\/div>","protected":false},"excerpt":{"rendered":"<p>\u00c5r 2002 gjorde biblioteket en inventering av musikmaterial som finns i andra arkiv i Sverige och n\u00e5gra andra l\u00e4nder. Best\u00e5nds\u00f6versikten \u00e4r sammanst\u00e4lld av Inger Enqvist. Uppdateringar publiceras vartannat \u00e5r i bibliotekets bulletin Dokumenterat. DanmarkK\u00f6penhamn. Det Kongelige BibliotekBiblioteket har en omfattande musikaliesamling best\u00e5ende av b\u00e5de tryckta och otryckta noter fr\u00e5n \u00e5tskilliga \u00e5rhundraden, d\u00e4ribland finns en del [&hellip;]<\/p>\n","protected":false},"author":8,"featured_media":0,"parent":49,"menu_order":0,"comment_status":"open","ping_status":"open","template":"","meta":{"ngg_post_thumbnail":0,"spay_email":""},"categories":[4,3],"tags":[48,103,101,104],"yoast_head":"<!-- This site is optimized with the Yoast SEO plugin v16.3 - https:\/\/yoast.com\/wordpress\/plugins\/seo\/ -->\n<meta name=\"robots\" content=\"index, follow, max-snippet:-1, max-image-preview:large, max-video-preview:-1\" \/>\n<link rel=\"canonical\" href=\"https:\/\/old.capricemusic.se\/musikochteaterbiblioteket\/arkiv\/musikarkiv-och-ovrigt-kallmaterial\/utlandska-institutioner\/\" \/>\n<meta property=\"og:locale\" content=\"sv_SE\" \/>\n<meta property=\"og:type\" content=\"article\" \/>\n<meta property=\"og:title\" content=\"Utl\u00e4ndska institutioner - Musik- och teaterbiblioteket\" \/>\n<meta property=\"og:description\" content=\"\u00c5r 2002 gjorde biblioteket en inventering av musikmaterial som finns i andra arkiv i Sverige och n\u00e5gra andra l\u00e4nder. Best\u00e5nds\u00f6versikten \u00e4r sammanst\u00e4lld av Inger Enqvist. Uppdateringar publiceras vartannat \u00e5r i bibliotekets bulletin Dokumenterat. DanmarkK\u00f6penhamn. Det Kongelige BibliotekBiblioteket har en omfattande musikaliesamling best\u00e5ende av b\u00e5de tryckta och otryckta noter fr\u00e5n \u00e5tskilliga \u00e5rhundraden, d\u00e4ribland finns en del [&hellip;]\" \/>\n<meta property=\"og:url\" content=\"https:\/\/old.capricemusic.se\/musikochteaterbiblioteket\/arkiv\/musikarkiv-och-ovrigt-kallmaterial\/utlandska-institutioner\/\" \/>\n<meta property=\"og:site_name\" content=\"Musik- och teaterbiblioteket\" \/>\n<meta property=\"article:modified_time\" content=\"2017-08-30T12:15:31+00:00\" \/>\n<meta name=\"twitter:label1\" content=\"Ber\u00e4knad l\u00e4stid\">\n\t<meta name=\"twitter:data1\" content=\"7 minuter\">\n<script type=\"application\/ld+json\" class=\"yoast-schema-graph\">{\"@context\":\"https:\/\/schema.org\",\"@graph\":[{\"@type\":\"WebSite\",\"@id\":\"https:\/\/old.capricemusic.se\/musikochteaterbiblioteket\/#website\",\"url\":\"https:\/\/old.capricemusic.se\/musikochteaterbiblioteket\/\",\"name\":\"Musik- och teaterbiblioteket\",\"description\":\"F\\u00f6rdjupning, kunskap och spelgl\\u00e4dje\",\"potentialAction\":[{\"@type\":\"SearchAction\",\"target\":\"https:\/\/old.capricemusic.se\/musikochteaterbiblioteket\/?s={search_term_string}\",\"query-input\":\"required name=search_term_string\"}],\"inLanguage\":\"sv-SE\"},{\"@type\":\"WebPage\",\"@id\":\"https:\/\/old.capricemusic.se\/musikochteaterbiblioteket\/arkiv\/musikarkiv-och-ovrigt-kallmaterial\/utlandska-institutioner\/#webpage\",\"url\":\"https:\/\/old.capricemusic.se\/musikochteaterbiblioteket\/arkiv\/musikarkiv-och-ovrigt-kallmaterial\/utlandska-institutioner\/\",\"name\":\"Utl\\u00e4ndska institutioner - Musik- och teaterbiblioteket\",\"isPartOf\":{\"@id\":\"https:\/\/old.capricemusic.se\/musikochteaterbiblioteket\/#website\"},\"datePublished\":\"2014-02-03T21:01:42+00:00\",\"dateModified\":\"2017-08-30T12:15:31+00:00\",\"breadcrumb\":{\"@id\":\"https:\/\/old.capricemusic.se\/musikochteaterbiblioteket\/arkiv\/musikarkiv-och-ovrigt-kallmaterial\/utlandska-institutioner\/#breadcrumb\"},\"inLanguage\":\"sv-SE\",\"potentialAction\":[{\"@type\":\"ReadAction\",\"target\":[\"https:\/\/old.capricemusic.se\/musikochteaterbiblioteket\/arkiv\/musikarkiv-och-ovrigt-kallmaterial\/utlandska-institutioner\/\"]}]},{\"@type\":\"BreadcrumbList\",\"@id\":\"https:\/\/old.capricemusic.se\/musikochteaterbiblioteket\/arkiv\/musikarkiv-och-ovrigt-kallmaterial\/utlandska-institutioner\/#breadcrumb\",\"itemListElement\":[{\"@type\":\"ListItem\",\"position\":1,\"item\":{\"@type\":\"WebPage\",\"@id\":\"https:\/\/old.capricemusic.se\/musikochteaterbiblioteket\/\",\"url\":\"https:\/\/old.capricemusic.se\/musikochteaterbiblioteket\/\",\"name\":\"Hem\"}},{\"@type\":\"ListItem\",\"position\":2,\"item\":{\"@type\":\"WebPage\",\"@id\":\"https:\/\/old.capricemusic.se\/musikochteaterbiblioteket\/arkiv\/\",\"url\":\"https:\/\/old.capricemusic.se\/musikochteaterbiblioteket\/arkiv\/\",\"name\":\"Arkiv\"}},{\"@type\":\"ListItem\",\"position\":3,\"item\":{\"@type\":\"WebPage\",\"@id\":\"https:\/\/old.capricemusic.se\/musikochteaterbiblioteket\/arkiv\/musikarkiv-och-ovrigt-kallmaterial\/\",\"url\":\"https:\/\/old.capricemusic.se\/musikochteaterbiblioteket\/arkiv\/musikarkiv-och-ovrigt-kallmaterial\/\",\"name\":\"Musikarkiv och \\u00f6vrigt k\\u00e4llmaterial\"}},{\"@type\":\"ListItem\",\"position\":4,\"item\":{\"@id\":\"https:\/\/old.capricemusic.se\/musikochteaterbiblioteket\/arkiv\/musikarkiv-och-ovrigt-kallmaterial\/utlandska-institutioner\/#webpage\"}}]}]}<\/script>\n<!-- \/ Yoast SEO plugin. -->","jetpack_shortlink":"https:\/\/wp.me\/P2ZwmI-1Pc","jetpack_sharing_enabled":true,"_links":{"self":[{"href":"https:\/\/old.capricemusic.se\/musikochteaterbiblioteket\/wp-json\/wp\/v2\/pages\/7018"}],"collection":[{"href":"https:\/\/old.capricemusic.se\/musikochteaterbiblioteket\/wp-json\/wp\/v2\/pages"}],"about":[{"href":"https:\/\/old.capricemusic.se\/musikochteaterbiblioteket\/wp-json\/wp\/v2\/types\/page"}],"author":[{"embeddable":true,"href":"https:\/\/old.capricemusic.se\/musikochteaterbiblioteket\/wp-json\/wp\/v2\/users\/8"}],"replies":[{"embeddable":true,"href":"https:\/\/old.capricemusic.se\/musikochteaterbiblioteket\/wp-json\/wp\/v2\/comments?post=7018"}],"version-history":[{"count":0,"href":"https:\/\/old.capricemusic.se\/musikochteaterbiblioteket\/wp-json\/wp\/v2\/pages\/7018\/revisions"}],"up":[{"embeddable":true,"href":"https:\/\/old.capricemusic.se\/musikochteaterbiblioteket\/wp-json\/wp\/v2\/pages\/49"}],"wp:attachment":[{"href":"https:\/\/old.capricemusic.se\/musikochteaterbiblioteket\/wp-json\/wp\/v2\/media?parent=7018"}],"wp:term":[{"taxonomy":"category","embeddable":true,"href":"https:\/\/old.capricemusic.se\/musikochteaterbiblioteket\/wp-json\/wp\/v2\/categories?post=7018"},{"taxonomy":"post_tag","embeddable":true,"href":"https:\/\/old.capricemusic.se\/musikochteaterbiblioteket\/wp-json\/wp\/v2\/tags?post=7018"}],"curies":[{"name":"wp","href":"https:\/\/api.w.org\/{rel}","templated":true}]}}